 and 12298576?
8
Calculate the highest common divisor of 438 and 98988.
438
Calculate the highest common factor of 8219930 and 10.
10
Calculate the highest common factor of 23370 and 2706.
246
Calculate the greatest common factor of 570 and 12426.
114
Calculate the highest common divisor of 523845 and 189.
63
Calculate the greatest common factor of 130539 and 3657.
159
Calculate the highest common divisor of 437 and 8531.
19
What is the greatest common factor of 361824 and 36?
12
Calculate the greatest common divisor of 5454 and 1431.
27
Calculate the highest common factor of 11357 and 81992.
277
Calculate the highest common factor of 216 and 51520.
8
Calculate the greatest common factor of 3587 and 41684.
17
What is the highest common factor of 652482 and 72?
18
Calculate the highest common factor of 18241 and 116.
29
Calculate the greatest common factor of 11 and 861377.
11
Calculate the greatest common divisor of 21 and 410039.
7
What is the highest common factor of 4542 and 552?
6
What is the highest common factor of 231650 and 205?
205
What is the highest common factor of 2087676 and 36?
36
Calculate the greatest common factor of 36 and 9522.
18
Calculate the highest common divisor of 722456 and 304.
152
Calculate the highest common divisor of 236 and 1582852.
236
Calculate the greatest common factor of 179 and 170587.
179
What is the highest common divisor of 2664 and 2149182?
666
What is the greatest common divisor of 199030 and 13?
13
Calculate the highest common factor of 1881 and 2137.
1
What is the highest common factor of 330 and 6710?
110
Calculate the greatest common divisor of 3993 and 8899.
11
Calculate the greatest common divisor of 96 and 15220.
4
Calculate the greatest common divisor of 97670 and 10.
10
Calculate the highest common divisor of 44 and 259996.
44
What is the highest common divisor of 49580 and 21460?
740
Calculate the highest common factor of 120 and 113100.
60
What is the highest common divisor of 22022 and 132?
22
Calculate the highest common divisor of 14 and 75418.
14
Calculate the greatest common factor of 112558 and 668.
334
Calculate the highest common factor of 11398 and 902.
82
What is the greatest common divisor of 209 and 5841?
11
Calculate the greatest common factor of 41232 and 27.
3
Calculate the greatest common divisor of 137857 and 992.
31
What is the highest common divisor of 520 and 230672?
104
Calculate the highest common factor of 2992 and 836.
44
What is the highest common factor of 439424 and 384?
128
What is the greatest common divisor of 30 and 139170?
30
Calculate the greatest common factor of 9072 and 483.
21
Calculate the greatest common factor of 70109 and 806.
13
Calculate the highest common divisor of 1962 and 41856.
654
What is the highest common factor of 425956 and 2656?
332
Calculate the greatest common divisor of 14812 and 434700.
644
Calculate the highest common divisor of 66991 and 217.
31
What is the highest common divisor of 356 and 83838?
178
Calculate the highest common divisor of 920 and 1172540.
460
Calculate the greatest common divisor of 6496261 and 493.
493
What is the greatest common divisor of 16 and 190784?
16
Calculate the highest common factor of 12 and 67092.
12
Calculate the highest common divisor of 126 and 50211.
63
Calculate the highest common factor of 7999 and 228.
19
What is the highest common divisor of 78802 and 3690?
82
Calculate the highest common divisor of 552 and 7613.
23
What is the greatest common factor of 918 and 44739?
27
Calculate the greatest common divisor of 1704 and 164720.
568
Calculate the highest common factor of 228320 and 1664.
32
Calculate the greatest common divisor of 976 and 37454.
122
Calculate the greatest common divisor of 38157 and 711.
237
Calculate the highest common factor of 385 and 30205.
35
What is the highest common factor of 200240 and 1360?
80
What is the highest common factor of 2451 and 39474?
129
Calculate the greatest common divisor of 799 and 10319.
17
What is the greatest common factor of 50560 and 295144?
632
Calculate the greatest common factor of 15575 and 150.
25
What is the highest common factor of 5159 and 624976?
737
Calculate the highest common divisor of 63878 and 817.
19
Calculate the greatest common factor of 8 and 95624.
8
Calculate the greatest common divisor of 64 and 905792.
64
What is the greatest common divisor of 9164 and 316?
316
What is the highest common divisor of 6075 and 50?
25
Calculate the highest common divisor of 2806 and 619760.
122
What is the greatest common factor of 499 and 50399?
499
Calculate the greatest common factor of 236 and 46492.
236
Calculate the greatest common factor of 578 and 48586.
34
Calculate the greatest common divisor of 8477 and 17819.
173
What is the highest common divisor of 145062 and 396?
18
Calculate the greatest common factor of 16 and 873712.
16
What is the greatest common factor of 513211 and 2246?
1123
What is the greatest common factor of 11514 and 6441?
57
Calculate the greatest common divisor of 592 and 233026.
74
What is the greatest common factor of 216789 and 381?
381
Calculate the highest common factor of 1607 and 1.
1
What is the highest common factor of 6339 and 831?
3
Calculate the highest common factor of 1202343 and 1074.
537
What is the highest common divisor of 2618 and 1279012?
238
What is the greatest common divisor of 608400 and 108?
36
What is the greatest common factor of 67342 and 154?
22
Calculate the highest common divisor of 1947864 and 6.
6
What is the greatest common factor of 43092 and 10412?
76
Calculate the greatest common factor of 22374 and 39105.
99
Calculate the highest common factor of 39446 and 1694.
242
Calculate the highest common divisor of 711025 and 70.
35
Calculate the highest common divisor of 33 and 5322273.
33
What is the greatest common factor of 10611 and 144231?
393
What is the greatest common divisor of 778592 and 32?
32
Calculate the highest common divisor of 2480580 and 360.
180
What is the greatest common divisor of 546 and 1501500?
546
Calculate the highest common divisor of 12271 and 1686386.
1753
What is the greatest common factor of 366276 and 3495?
699
What is the highest common divisor of 1105 and 2431?
221
Calculate the greatest common divisor of 110460 and 168.
84
Calculate the greatest common factor of 589 and 330429.
589
Calculate the highest common factor of 297 and 1837539.
297
What is the greatest common factor of 1482075 and 525?
525
Calculate the highest common factor of 4928 and 18752.
64
What is the highest common factor of 70308 and 35?
7
What is the highest common factor of 237792 and 32?
32
Calculate the highest common factor of 91595 and 35.
35
What is the highest common divisor of 5017 and 6931?
29
Calculate the greatest common divisor of 6564 and 30012.
12
What is the highest common factor of 226837 and 91?
13
What is the highest common divisor of 207 and 403857?
207
Calculate the greatest common factor of 518 and 15503.
37
Calculate the highest common factor of 630 and 206451.
63
Calculate the highest common factor of 437195 and 121.
11
What is the highest common factor of 2453 and 154?
11
Calculate the greatest common divisor of 64 and 856288.
32
What is the highest common divisor of 557652 and 6?
6
What is the highest common factor of 1590 and 32180?
10
Calculate the greatest common factor of 100 and 1451320.
20
Calculate the highest common factor of 411 and 3.
3
What is the highest common divisor of 867660 and 20?
20
What is the highest common divisor of 12992 and 4582?
58
What is the greatest common divisor of 100 and 293950?
50
What is the highest common factor of 303 and 387?
3
What is the highest common factor of 16 and 32216?
8
Calculate the greatest common factor of 63503 and 253.
253
Calculate the highest common divisor of 1207 and 21454.
17
Calculate the greatest common factor of 20 and 2510.
10
What is the greatest common factor of 57732 and 14?
2
What is the highest common factor of 45825 and 91?
13
Calculate the greatest common factor of 294192 and 41472.
1296
What is the greatest common factor of 10 and 935?
5
What is the greatest common factor of 55553 and 657?
73
What is the highest common divisor of 24 and 4879032?
24
What is the highest common factor o